 - -8509390?
850938a
In base 9, what is 248 - 650520?
-650261
In base 6, what is 15012 - -424?
15440
In base 14, what is -4b551ba0 - -2?
-4b551b9c
In base 8, what is -2752402614 - -3?
-2752402611
In base 11, what is -11 + -861399?
-8613aa
In base 9, what is -237 - 76046?
-76284
In base 5, what is 10101 - -101442133?
102002234
In base 4, what is 332330 - -3330310?
10323300
In base 6, what is -251 - 43210?
-43501
In base 15, what is 1e3 + 671ec?
673e0
In base 11, what is 5 - -a7469a07?
a7469a11
In base 2, what is -111010 + -110110011111100101000001?
-110110011111100101111011
In base 16, what is 55 - -1cb63?
1cbb8
In base 14, what is -893d + 12b1?
-766c
In base 12, what is -4 - -1921675a?
19216756
In base 4, what is 231 + 3101200222?
3101201113
In base 13, what is -1261 + -23c?
-14a0
In base 7, what is -216 + -11114540?
-11115056
In base 10, what is 7673993 - 1?
7673992
In base 4, what is -30303030 + 112020?
-30131010
In base 4, what is -12030 + -22213?
-100303
In base 9, what is -17640380 + -108?
-17640488
In base 3, what is 2222102022 - -102102?
2222211201
In base 15, what is -309cc2 + 5?
-309cbc
In base 8, what is -550364253 - 0?
-550364253
In base 16, what is -d9e9 + -c7?
-dab0
In base 9, what is 4 + 1873231?
1873235
In base 15, what is 1 - -133cd3?
133cd4
In base 15, what is 1b1e69 - -b?
1b1e75
In base 11, what is a5a2343 - -5?
a5a2348
In base 15, what is -266a7 - -ad?
-265e9
In base 16, what is 2 + -d0f163?
-d0f161
In base 2, what is -1010011100111010011100011 - -100?
-1010011100111010011011111
In base 12, what is ba6b9a - -2?
ba6ba0
In base 7, what is -1034166 - -224?
-1033642
In base 14, what is c45 - 914?
331
In base 4, what is 3 - -12223221330?
12223221333
In base 3, what is -221221121110202 + 0?
-221221121110202
In base 14, what is 302b6 - 21?
30295
In base 7, what is -541 - 133106?
-133650
In base 13, what is -1b4a9796 + 3?
-1b4a9793
In base 7, what is 3 + -1520041453?
-1520041450
In base 4, what is 13223120 + 2011?
13231131
In base 8, what is -13611472 - 15?
-13611507
In base 2, what is 10101100101101001101111 + 10?
10101100101101001110001
In base 15, what is -22 - -44cbd6?
44cbb4
In base 7, what is 3 + 243431?
243434
In base 15, what is -359a + -22eae?
-26559
In base 8, what is -156 - -324656?
324500
In base 12, what is 79415 - b6?
7931b
In base 6, what is -333424 - -500?
-332524
In base 9, what is -16658 - 108?
-16767
In base 2, what is 111100110100 + 1100100010?
1001001010110
In base 6, what is -12510515152 + -5?
-12510515201
In base 13, what is -24311 - 408?
-24719
In base 8, what is -225466 + -1176?
-226664
In base 6, what is 1005052413 + -2?
1005052411
In base 6, what is 131241245 + -5?
131241240
In base 11, what is -1561 - -1416?
-146
In base 4, what is -3 - -21131120031?
21131120022
In base 8, what is 2 - 4162033?
-4162031
In base 5, what is -42103231443 - 114?
-42103232112
In base 4, what is 323220313300 + -110?
323220313130
In base 3, what is 11212220 - -12221010120?
20010000110
In base 5, what is 14214321 - 120?
14214201
In base 8, what is -37 + -1514626?
-1514665
In base 9, what is 371 - 341087?
-340616
In base 3, what is 102 - 1020221122002?
-1020221121200
In base 15, what is -15904 + 1b6e?
-13c85
In base 14, what is 16bd061 - -4?
16bd065
In base 14, what is 16aa5 + 273b?
19402
In base 9, what is 25 - 24362?
-24336
In base 7, what is -2 - 25500621?
-25500623
In base 15, what is -2 + 21579?
21577
In base 10, what is -227856360 - 0?
-227856360
In base 9, what is -61 - 448170?
-448241
In base 15, what is -19 - 169a31?
-169a4a
In base 12, what is 1408 + -102524?
-101118
In base 4, what is -2111011 - 2130033?
-10301110
In base 10, what is -490542241 + 4?
-490542237
In base 6, what is -431 - 205220?
-210051
In base 12, what is -3b7ab + -556?
-40145
In base 11, what is 51259a + -7?
512593
In base 13, what is 68b0b072 - 0?
68b0b072
In base 2, what is -1001111110 - -11011100000?
10001100010
In base 5, what is -1211 + -144420133?
-144421344
In base 7, what is -5 - -34011061?
34011053
In base 2, what is 10000101 - -11110101000?
100000101101
In base 2, what is -110 + 1010110001101101101?
1010110001101100111
In base 12, what is -1 + 1851449?
1851448
In base 14, what is 22d628 - 52?
22d5b6
In base 4, what is 313022232 - 12111?
313010121
In base 16, what is 8db2d7f - -5?
8db2d84
In base 16, what is -d836d + 1b?
-d8352
In base 4, what is -102203 + -3221332?
-3330201
In base 8, what is -507 + 326306?
325577
In base 6, what is 1214413 - 43124?
1131245
In base 3, what is 11 + 2122202211120202?
2122202211120220
In base 6, what is -3 - -235153032?
235153025
In base 4, what is -201201322120 - -1303?
-201201320211
In base 8, what is 20531 + 146373?
167124
In base 9, what is 113467 - 226?
113241
In base 5, what is 1210321 + -13104?
1142212
In base 16, what is 1 + -3ab12b?
-3ab12a
In base 5, what is 1233342 - 1010?
1232332
In base 3, what is -201010102 - 1002100?
-202012202
In base 14, what is 25 - -26209?
26230
In base 6, what is 210444 - -115205?
330053
In base 5, what is 1221 + -133204244?
-133203023
In base 14, what is c916a + 141?
c92ab
In base 12, what is -242 - -1071b?
10499
In base 10, what is 1111 + 2024?
3135
In base 11, what is 16a12a38 - -4?
16a12a41
In base 16, what is -17 + acb6a5?
acb68e
In base 9, what is 2 + 402202?
402204
In base 10, what is 3627097 + 0?
3627097
In base 2, what is 11111001100011000 - 10000100?
11111001010010100
In base 11, what is -32 - -5aaa00?
5aa979
In base 8, what is -26 + -11561424?
-11561452
In base 4, what is 300302000130 + -10?
300302000120
In base 4, what is 1031223323 - 12?
1031223311
In base 12, what is a74 - 6b72?
-60ba
In base 6, what is -1125 - -223025?
221500
In base 13, what is -3230447 - -4?
-3230443
In base 12, what is -68 - 799819?
-799885
In base 6, what is 33 - -10520313?
10520350
In base 13, what is -75 + 340a18?
340973
In base 15, what is -ccc666 - -5?
-ccc661
In base 10, what is -1617 - -6782?
5165
In base 14, what is 7 + 317242?
317249
In base 16, what is -3bcd6d + 12?
-3bcd5b
In base 9, what is -1110111 - -66?
-1110034
In base 8, what is -214 + 507664?
507450
In base 5, what is -1122010031300 - 1?
-1122010031301
In base 14, what is 4a43d - b3?
4a36a
In base 4, what is -10010 - -20013130232?
20013120222
In base 4, what is 103 - 1010010122120?
-1010010122011
In base 13, what is -2949a3 + 11?
-294992
In base 13, what is 1c - 10b285?
-10b266
In base 2, what is -10010001110000111000001111 - 100?
-10010001110000111000010011
In base 16, what is -9 - -4e225a1?
4e22598
In base 13, what is 1449c92c - 1?
1449c92b
In base 2, what is -111010 - -1011101101101111?
1011101100110101
In base 7, what is 40 - -614525?
614565
In base 15, what is -dc4191 - 4?
-dc4195
In base 16, what is 73f8 + -e7f?
6579
In base 3, what is 0 - -10002211002012?
10002211002012
In base 16, what is 23 - -2beec22?
2beec45
In base 10, what is 965419 - -6?
965425
In base 13, what is 27c5b1b - -57?
27c5b75
In base 10, what is 38241 - 8097?
30144
In base 12, what is -a66 + -1288?
-2132
In base 13, what is 324303b + -6?
3243035
In base 11, what is -150192254 - 1?
-150192255
In base 16, what is -13b33 + 119?
-13a1a
In base 3, what is -10 - -101110012000110?
101110012000100
In base 13, what is b80133 + 2?
b80135
In base 4, what is -1333210 - -23212020?
21212210
In base 3, what is -1001211120222 + 201?
-1001211120021
In base 11, what is a94972 + 7?
a94979
In base 4, what is 1000120021220 + -3?
1000120021211
In base 14, what is 1c898b + -9?
1c8982
In base 5, what is -1401404140 + -41?
-1401404231
In base 7, what is -11221 + -542225?
-553446
In base 12, what is -1056b1 + 52?
-10565b
In base 11, what is -4a8042 + 0?
-4a8042
In base 11, what is -6a77 - -47a?
-65a8
In base 2, what is 0 - 100111010010001000001?
-100111010010001000001
In base 11, what is -453 - -2a9616?
2a9173
In base 6, what is 355235332230 + 2?
355235332232
In base 16, what is -4018 + -9?
-4021
In base 6, what is -4311 + 3331313?
3323002
In base 8, what is -106 + -176410?
-176516
In base 9, what is -1123835 - -44?
-1123781
In base 3, what is -11 - 220201110100?
-220201110111
In base 13, what is -7a57c - -716?
-79b66
In base 3, what is -1212210010 - -100022011?
-1112110222
In base 5, what is 32421244110 + 4?
32421244114
In base 11, what is -3317a + -637?
-33806
In base 4